{"id":2922,"date":"2026-03-08T12:56:46","date_gmt":"2026-03-08T10:56:46","guid":{"rendered":"http:\/\/94.237.12.69\/?page_id=2922"},"modified":"2026-04-12T20:30:54","modified_gmt":"2026-04-12T17:30:54","slug":"biomikroneulaus","status":"publish","type":"page","link":"https:\/\/hoitolagrace.fi\/?page_id=2922","title":{"rendered":"SQT\u00ae Biomikroneulaus"},"content":{"rendered":"<div class=\"wpb-content-wrapper\"><p>[vc_row][vc_column width=&#8221;2\/3&#8243;][vc_column_text css=&#8221;&#8221;]SQT-biomikroneulaus on edistyksellinen, luonnollinen ja tehokas ihon uudistushoito, joka hy\u00f6dynt\u00e4\u00e4 makeanveden sienest\u00e4 saatuja mikroskooppisia neuloja. Piipitoiset neulaset aktivoivat ihon oman luonnollisen korjautumisprossin, nopeuttaa mikroverenkiertoa, stimuloi kollageenin ja elastaanin tuotantoa sek\u00e4 uudistaa ihoa tehokkaasti. Hoito kiinteytt\u00e4\u00e4, kirkastaa sek\u00e4 nuorentaa ihoa, ja sopii usein my\u00f6s herk\u00e4lle iholle.<\/p>\n<p>[\/vc_column_text][vc_cta h2=&#8221;Keskeiset hy\u00f6dyt iholle:&#8221; css=&#8221;&#8221;]\u2022 Luonnollinen uudistuminen: Hy\u00f6dynt\u00e4\u00e4 Spongilla-mikroneuloja, jotka aktivoivat ihoa uudistumaan ilman kemikaaleja tai laitteita.<br \/>\n\u2022 Ei kipua tai puudutusta: Mikroneulat hierotaan ihoon, joten hoito on hell\u00e4varainen, l\u00e4hes kivuton. Ei aiheuta verenvuotoa, ihovaurioita tai tulehdusriski\u00e4.<br \/>\n\u2022 Monipuoliset hoitotulokset: H\u00e4ivytt\u00e4\u00e4 pigmenttimuutoksia, kiinteytt\u00e4\u00e4 veltostunutta ihoa, v\u00e4hent\u00e4\u00e4 juonteita ja parantaa ihon s\u00e4vy\u00e4.<br \/>\n\u2022 Nopea toipuminen: Iho palautuu nopeasti ja hoito voidaan toteuttaa sarjahoitona, suositus mielell\u00e4\u00e4n 4 hoitokerran sarjana.[\/vc_cta][vc_cta h2=&#8221;Miksi se toimii?&#8221; css=&#8221;&#8221;]<\/p>\n<ul>\n<li>Spiculat kuljettavat ravinteita ja tehoaineita syv\u00e4lle ihon rakenteisiin<\/li>\n<li>Kollageeni- ja elastiinituotanto aktivoituu<\/li>\n<li>Solujen uusiutuminen nopeutuu 28 p\u00e4iv\u00e4st\u00e4 5\u20137 p\u00e4iv\u00e4\u00e4n<\/li>\n<li>Iho uudistuu sis\u00e4lt\u00e4p\u00e4in ilman toipumisaikaa<\/li>\n<\/ul>\n<p>[\/vc_cta][vc_column_text css=&#8221;&#8221;]SQT\u00ae luo iholle 3\u20135 miljoonaa mikrokanavaa, kun perinteinen mikroneulaus tuottaa noin 30 000. Toisin kuin perinteisess\u00e4 mikroneulauksessa, SQT\u00ae ei k\u00e4yt\u00e4 metallineuloja, laitteita tai happoja. Hoito on hell\u00e4varainen mutta poikkeuksellisen tehokas.[\/vc_column_text][vc_cta h2=&#8221;Mit\u00e4 SQT\u00ae Biomikroneulaus hoitaa?&#8221; css=&#8221;&#8221;]<\/p>\n<ul>\n<li>Pigmenttimuutokset &amp; melasma<\/li>\n<li>Juonteet ja rypyt<\/li>\n<li>Laajentuneet huokoset<\/li>\n<li>Samea, v\u00e4synyt iho<\/li>\n<li>Ihon v\u00e4rivirheet ja tekstuurin ep\u00e4tasaisuus<\/li>\n<li>Couperosa<\/li>\n<li>Syv\u00e4kosteuden puute<\/li>\n<li>Kollageenin heikkeneminen<\/li>\n<\/ul>\n<p>[\/vc_cta][vc_column_text css=&#8221;&#8221;]<\/p>\n<h2>Tuotelinjat:<\/h2>\n<p>[\/vc_column_text][vc_column_text css=&#8221;&#8221;]Ihon eri tarpeisiin ja ongelmiin on saatavilla valmiiksi suunniteltuja hoitokokonaisuuksia. N\u00e4it\u00e4 ovat esimerkiksi pigmenttih\u00e4iri\u00f6t, ihon kuivuus ja kiinteytys.[\/vc_column_text]\n    <div style=\"text-align:center\" class=\"nd_options_section\">\n      <img decoding=\"async\" alt=\"\" style=\"width:100%\" class=\" nd_options_margin_0 nd_options_padding_0 \" src=\"https:\/\/hoitolagrace.fi\/wp-content\/uploads\/2026\/03\/hydratingset.jpg\">\n    <\/div>\n   [vc_cta h2=&#8221;Hydrating&#8221; css=&#8221;&#8221;]Ihon kuivuutta vastaan suunniteltu hoitokokonaisuus.[\/vc_cta]\n    <div style=\"text-align:center\" class=\"nd_options_section\">\n      <img decoding=\"async\" alt=\"\" style=\"width:100%\" class=\" nd_options_margin_0 nd_options_padding_0 \" src=\"https:\/\/hoitolagrace.fi\/wp-content\/uploads\/2026\/03\/beautyrevitalizingset2.jpg\">\n    <\/div>\n   [vc_cta h2=&#8221;Beaty Revitalizing&#8221; css=&#8221;&#8221;]Kirkastava ja ihon s\u00e4vy\u00e4 tasoittava hoitokokonaisuus.[\/vc_cta]\n    <div style=\"text-align:center\" class=\"nd_options_section\">\n      <img decoding=\"async\" alt=\"\" style=\"width:100%\" class=\" nd_options_margin_0 nd_options_padding_0 \" src=\"https:\/\/hoitolagrace.fi\/wp-content\/uploads\/2026\/03\/anti-agingset.jpg\">\n    <\/div>\n   [vc_cta h2=&#8221;Anti-Aging&#8221; css=&#8221;&#8221;]Ihon ik\u00e4\u00e4ntymist\u00e4 vastaan suunniteltu hoitokokonaisuus.[\/vc_cta][\/vc_column][vc_column width=&#8221;1\/3&#8243;]\n    <div style=\"text-align:center\" class=\"nd_options_section\">\n      <img decoding=\"async\" alt=\"\" style=\"width:100%\" class=\" nd_options_margin_0 nd_options_padding_0 \" src=\"https:\/\/hoitolagrace.fi\/wp-content\/uploads\/2026\/03\/101811-nourishing22.jpg\">\n    <\/div>\n   \n    <div style=\"text-align:center\" class=\"nd_options_section\">\n      <img decoding=\"async\" alt=\"\" style=\"width:100%\" class=\" nd_options_margin_0 nd_options_padding_0 \" src=\"https:\/\/hoitolagrace.fi\/wp-content\/uploads\/2026\/03\/101813-resurfacing7-683x1024.jpg\">\n    <\/div>\n   [\/vc_column][\/vc_row]<\/p>\n<\/div>","protected":false},"excerpt":{"rendered":"<p>[vc_row][vc_column width=&#8221;2\/3&#8243;][vc_column_text css=&#8221;&#8221;]SQT-biomikroneulaus on edistyksellinen, luonnollinen ja tehokas ihon uudistushoito, joka hy\u00f6dynt\u00e4\u00e4 makeanveden sienest\u00e4 saatuja mikroskooppisia neuloja. Piipitoiset neulaset aktivoivat ihon oman luonnollisen korjautumisprossin, nopeuttaa mikroverenkiertoa, stimuloi kollageenin ja elastaanin tuotantoa sek\u00e4 uudistaa ihoa tehokkaasti. Hoito kiinteytt\u00e4\u00e4, kirkastaa sek\u00e4 nuorentaa ihoa, ja sopii usein my\u00f6s herk\u00e4lle iholle. [\/vc_column_text][vc_cta h2=&#8221;Keskeiset hy\u00f6dyt iholle:&#8221; css=&#8221;&#8221;]\u2022 Luonnollinen uudistuminen: Hy\u00f6dynt\u00e4\u00e4 Spongilla-mikroneuloja, jotka aktivoivat ihoa uudistumaan ilman kemikaaleja tai laitteita. \u2022 Ei kipua tai puudutusta: Mikroneulat hierotaan ihoon, joten hoito on hell\u00e4varainen, l\u00e4hes kivuton. Ei aiheuta verenvuotoa, ihovaurioita tai tulehdusriski\u00e4. \u2022 Monipuoliset hoitotulokset: H\u00e4ivytt\u00e4\u00e4 pigmenttimuutoksia, kiinteytt\u00e4\u00e4 veltostunutta ihoa, v\u00e4hent\u00e4\u00e4 juonteita ja parantaa ihon s\u00e4vy\u00e4. \u2022 Nopea toipuminen: Iho palautuu nopeasti ja hoito voidaan toteuttaa sarjahoitona, suositus mielell\u00e4\u00e4n 4 hoitokerran sarjana.[\/vc_cta][vc_cta h2=&#8221;Miksi se toimii?&#8221; css=&#8221;&#8221;] Spiculat kuljettavat ravinteita ja tehoaineita syv\u00e4lle ihon rakenteisiin Kollageeni- ja elastiinituotanto aktivoituu Solujen uusiutuminen nopeutuu 28 p\u00e4iv\u00e4st\u00e4 5\u20137 p\u00e4iv\u00e4\u00e4n Iho uudistuu sis\u00e4lt\u00e4p\u00e4in ilman toipumisaikaa [\/vc_cta][vc_column_text css=&#8221;&#8221;]SQT\u00ae luo iholle 3\u20135 miljoonaa mikrokanavaa, kun perinteinen mikroneulaus tuottaa noin 30 000. Toisin kuin perinteisess\u00e4 mikroneulauksessa, SQT\u00ae ei k\u00e4yt\u00e4 metallineuloja, laitteita tai happoja. Hoito on hell\u00e4varainen mutta poikkeuksellisen tehokas.[\/vc_column_text][vc_cta h2=&#8221;Mit\u00e4 SQT\u00ae Biomikroneulaus hoitaa?&#8221; css=&#8221;&#8221;] Pigmenttimuutokset &amp; melasma Juonteet ja rypyt Laajentuneet huokoset Samea, v\u00e4synyt iho Ihon v\u00e4rivirheet ja tekstuurin ep\u00e4tasaisuus Couperosa Syv\u00e4kosteuden puute Kollageenin heikkeneminen [\/vc_cta][vc_column_text css=&#8221;&#8221;] Tuotelinjat: [\/vc_column_text][vc_column_text css=&#8221;&#8221;]Ihon eri tarpeisiin ja ongelmiin on saatavilla valmiiksi suunniteltuja hoitokokonaisuuksia. N\u00e4it\u00e4 ovat esimerkiksi pigmenttih\u00e4iri\u00f6t, ihon kuivuus ja kiinteytys.[\/vc_column_text][vc_cta h2=&#8221;Hydrating&#8221; css=&#8221;&#8221;]Ihon kuivuutta vastaan suunniteltu hoitokokonaisuus.[\/vc_cta][vc_cta h2=&#8221;Beaty Revitalizing&#8221; css=&#8221;&#8221;]Kirkastava ja ihon s\u00e4vy\u00e4 tasoittava hoitokokonaisuus.[\/vc_cta][vc_cta h2=&#8221;Anti-Aging&#8221; css=&#8221;&#8221;]Ihon ik\u00e4\u00e4ntymist\u00e4 vastaan suunniteltu hoitokokonaisuus.[\/vc_cta][\/vc_column][vc_column width=&#8221;1\/3&#8243;][\/vc_column][\/vc_row]<\/p>\n","protected":false},"author":1,"featured_media":0,"parent":0,"menu_order":0,"comment_status":"closed","ping_status":"closed","template":"","meta":{"footnotes":""},"class_list":["post-2922","page","type-page","status-publish","hentry"],"_links":{"self":[{"href":"https:\/\/hoitolagrace.fi\/index.php?rest_route=\/wp\/v2\/pages\/2922","targetHints":{"allow":["GET"]}}],"collection":[{"href":"https:\/\/hoitolagrace.fi\/index.php?rest_route=\/wp\/v2\/pages"}],"about":[{"href":"https:\/\/hoitolagrace.fi\/index.php?rest_route=\/wp\/v2\/types\/page"}],"author":[{"embeddable":true,"href":"https:\/\/hoitolagrace.fi\/index.php?rest_route=\/wp\/v2\/users\/1"}],"replies":[{"embeddable":true,"href":"https:\/\/hoitolagrace.fi\/index.php?rest_route=%2Fwp%2Fv2%2Fcomments&post=2922"}],"version-history":[{"count":39,"href":"https:\/\/hoitolagrace.fi\/index.php?rest_route=\/wp\/v2\/pages\/2922\/revisions"}],"predecessor-version":[{"id":3076,"href":"https:\/\/hoitolagrace.fi\/index.php?rest_route=\/wp\/v2\/pages\/2922\/revisions\/3076"}],"wp:attachment":[{"href":"https:\/\/hoitolagrace.fi\/index.php?rest_route=%2Fwp%2Fv2%2Fmedia&parent=2922"}],"curies":[{"name":"wp","href":"https:\/\/api.w.org\/{rel}","templated":true}]}}